ose 3*a - 3 = 9. What is the remainder when 22 is divided by i(a)?
4
Let t = 13 + -13. Let k(z) = z**3 + z**2 + 7. What is the remainder when 26 is divided by k(t)?
5
Let s = 12 - 8. Suppose -s*o = -4*c - 48, 3*o - 3*c = -2*c + 28. Suppose j = -2 + o. What is the remainder when j is divided by 4?
2
Suppose h + 5*b - 64 = 0, -3*b - b = 4*h - 288. What is the remainder when h is divided by 7?
4
Calculate the remainder when (-1 - (-39)/12)/((-3)/(-8)) is divided by 3.
0
Let h(y) = y**3 - 6*y**2 - 6*y - 1. Calculate the remainder when 3/(-2)*(-11 + 5) is divided by h(7).
3
Let b = -63 - -24. Let h = -27 - b. Calculate the remainder when (38/6 - 6)*66 is divided by h.
10
Let y be ((-3)/6 - -1)*-4. Let z be ((-42)/(-49))/(y/56). Let f = z - -49. What is the remainder when f is divided by 14?
11
Let y = 16 + -15. Calculate the remainder when 11 is divided by 7 + (1 - y - 3).
3
Suppose -m + 23 = -11. Let a = m + -17. Suppose 0 = -4*n + 5*t + 112, -2*n + 4*t = 3*t - 62. Calculate the remainder when n is divided by a.
16
Suppose b - 5 + 3 = 0. Calculate the remainder when 3 is divided by b.
1
Suppose -3*g + 125 - 2 = 0. What is the remainder when g is divided by 22?
19
Let u = -6 - -25. What is the remainder when u is divided by 10?
9
Let f(p) = 2*p + 1. What is the remainder when 7 is divided by f(1)?
1
Let a(x) = x + 47. Suppose -44 = 2*c - 5*c - 4*d, 5*d + 5 = 0. What is the remainder when a(0) is divided by c?
15
Suppose 4*y + 30 = 9*y. What is the remainder when y is divided by 4?
2
Suppose -z = 3*i - 7, -z - 4 = -2*z - 2*i. Let g be -3*2/(-6) - z. Suppose 0 = -k + 3*f + 15, 10 = g*f - 5. Calculate the remainder when k is divided by 16.
14
Suppose -4*b = 3*n - 4*n - 6, 2*b = 3*n + 28. What is the remainder when 4/8 - (-182)/4 is divided by (16/10)/((-1)/n)?
14
Suppose 22 = -a + 2*a. Let z = 10 - 2. Calculate the remainder when a is divided by z.
6
Calculate the remainder when 82 is divided by 3/2*(-3)/((-36)/136).
14
Let v(a) = -a**2 - 14*a - 14. What is the remainder when 48 is divided by v(-10)?
22
Let p(x) = -x**2 + 10*x + 12. Calculate the remainder when -2 - (-1 + -39) - -2 is divided by p(9).
19
What is the remainder when 53 is divided by (-7 - 1)/((-16)/40)?
13
What is the remainder when (-1 + -1)*-1 - -25 is divided by 6?
3
Suppose -34 - 15 = -7*g. What is the remainder when g is divided by 10/4 - 2/(-4)?
1
Suppose 0 = 2*j - j. Suppose -3*z - 5*c + 2*c + 36 = j, 5 = 5*c. Calculate the remainder when 30 is divided by z.
8
Let v be -3 - 0/(-4) - -4. Let d(g) = 39*g**3 - g**2 + 1. What is the remainder when d(v) is divided by 21?
18
Let d(k) = 9*k**3 + k**2. Calculate the remainder when 37 is divided by d(1).
7
Let z(b) = -9*b + 5. Calculate the remainder when (-6)/15 + 396/15 is divided by z(-1).
12
Let y(i) = i**2 + 3*i - 3. Let h = 5 + -10. Calculate the remainder when 25 is divided by y(h).
4
Calculate the remainder when 70 is divided by (-130)/(-5) + 3/3 + -1.
18
Let j(k) = k**3 + 9*k**2 + 4*k - 5. Let f be 2/4 + 90/12. Suppose -15*s = -14*s + f. What is the remainder when j(s) is divided by 15?
12
Let x(n) = -2*n - 2. What is the remainder when -2 + (11 - 2) - 2/1 is divided by x(-3)?
1
Suppose -64 = -4*y - 4*n, 5*y + 5*n - 3*n - 74 = 0. Let q = -6 + y. What is the remainder when q is divided by 5?
3
Let p = 54 - 25. Suppose 120 = -4*g + 3*n - 0*n, n = 3*g + 85. What is the remainder when p is divided by (-6)/g + (-264)/(-27)?
9
Suppose 0 = -5*y + 2*y - 84. Let x = -12 - y. Suppose 5*c - 5*h = 55, -c - 3*h = h - 1. Calculate the remainder when x is divided by c.
7
Let c(i) = i**2 + 3*i + 2. Let y be c(-2). Let u(l) = -l**3 + y*l**3 + 0*l + l - 2 - 2*l**2. What is the remainder when u(-4) is divided by 9?
8
Let a(q) = q**2 + 9*q + 15. Suppose -13*f = -15*f - 14. What is the remainder when 2 is divided by a(f)?
0
Suppose 0 = -2*h - 3*h + 1020. Suppose 2*v + 2*f - 4 = -2*f, 9 = 2*v + 3*f. Calculate the remainder when 1*3*h/18 is divided by v.
10
Suppose 21*q - 243 - 261 = 0. Let t = -24 + 37. What is the remainder when q is divided by t?
11
Let q be (-2)/(1*1/(-2)). Suppose -c = 1, 9*h - 1 = q*h + c. Suppose 3*b - 3*y + 33 - 93 = h, -3*b + 36 = 3*y. What is the remainder when 47 is divided by b?
15
Let n = -94 - -170. Let s = n - 29. What is the remainder when s is divided by 12?
11
Let w = 36 - 24. What is the remainder when (3 - 39/15)/(4/220) is divided by w?
10
Let j(o) = o**3 + 7*o**2 + 9*o + 9. Let f be j(-6). Let r(w) = w**2 + 8*w. What is the remainder when 14 is divided by r(f)?
5
Let m(d) = 3*d + 21. What is the remainder when m(7) is divided by 9?
6
Let t = 22 - 9. What is the remainder when 4 + 9/((-9)/(-20)) is divided by t?
11
Suppose 6*u - 232 = -2*u. Calculate the remainder when 113 is divided by u.
26
Calculate the remainder when 25 is divided by ((-1)/(-2))/(2/28).
4
Suppose -5*h + 18 = -152. Suppose 0*c + h = 2*c + 2*n, 5*n = -3*c + 61. What is the remainder when 35 is divided by c?
11
Let b = -58 - -94. Let t be 18/(-4)*8/2. Let p = 37 + t. What is the remainder when b is divided by p?
17
Suppose -2*c + 2 = -3*c. Let b(n) = -11*n. Let u be b(c). Let i = u + -15. What is the remainder when 12 is divided by i?
5
Suppose 7 + 11 = 3*z. What is the remainder when z is divided by 4 - 7/(3 - -4)?
0
Let m = -6 + 6. Suppose -5*t + m = -15. Let u(z) = z**3 - 2*z**2 - z + 2. What is the remainder when u(t) is divided by 5?
3
Let m(z) = z**3 + 8*z**2 + 9*z + 2. Let a = 22 + -11. What is the remainder when m(-6) is divided by a?
9
Suppose 3*j = -2*v + 16, -4*v = -11 + 27. Let g = j + -7. Calculate the remainder when 2 is divided by g.
0
Suppose -4*i = -2*i + 24. What is the remainder when (10/(-3))/(4/i) is divided by 3?
1
Let y = -26 - -32. What is the remainder when 15 is divided by y?
3
Let c = 5 + 43. What is the remainder when c is divided by 25?
23
Suppose 0 = 3*w + 26 + 145. Let l = w - -106. Suppose -22 = -i - 5. Calculate the remainder when l is divided by i.
15
Let p(l) = -l**2 - 29*l + 48. Calculate the remainder when p(-29) is divided by 13.
9
Suppose -3*h + 15 = 3*r, -7 = 5*h + 3. Suppose -1 = -2*c + r. What is the remainder when c is divided by 2?
0
Let o(f) = f**3 + f**2 + 2*f + 2. Let q be o(-2). Let n be -2 + 2 - q/(-3). Calculate the remainder when (-2)/(n/5)*5 is divided by 9.
7
Let a = 6 + -2. Suppose u - 78 = 2*j + 6*u, a*u + 78 = -2*j. Calculate the remainder when 37 is divided by ((-2)/(-3))/((-2)/j).
11
Suppose 4*z + 4*q = -16, -3*z + 5*q - 16 = -2*z. What is the remainder when 18 is divided by 14/z*(-9)/3?
4
Suppose 48 = -2*g + 2. Let r be g/(-3) - 3/(-9). Suppose 0 = 2*t + r, -2*t - 27 = -z - t. Calculate the remainder when z is divided by 8.
7
Suppose a - 2*a + 22 = 0. Suppose 2*p = 4*p - a. Calculate the remainder when p is divided by 4.
3
Let q be (-5 - 1)*30/(-12). Suppose 2*l + 3*u + 2 - 12 = 0, 3*u = -3*l + q. Suppose 1 + 29 = l*g. What is the remainder when 23 is divided by g?
5
Let u = -2 - -12. Let a = 1 + u. Let o = 5 + 27. What is the remainder when o is divided by a?
10
What is the remainder when 7/(-2)*(-304)/28 is divided by 11?
5
Suppose -71*v + 44 = -67*v. Calculate the remainder when 26 is divided by v.
4
Suppose g - 4*b - 53 = -5*b, -g + 61 = -3*b. What is the remainder when g is divided by 8?
7
Suppose 0 = 3*g + 4*r - 14, r = g - 22 + 8. What is the remainder when 14 is divided by 120/25 - (-2)/g?
4
Suppose 5*d + 17 = -178. Calculate the remainder when 49 is divided by (d/(-6))/(3/6).
10
Suppose 0*t + 3*t = 5*k + 21, t = -3*k - 7. Let r = k - -6. Suppose -2*m + r*m - 8 = 0. What is the remainder when 23 is divided by m?
7
Suppose 4*m - 12 = q - 72, 0 = -5*q - 4*m + 204. Suppose -q = -c - 3*c. Calculate the remainder when 32 is divided by c.
10
Calculate the remainder when 82 is divided by ((-21)/(-2))/((-8)/(-16)).
19
Let h be (3 + -2)/(1/2). Let l be (-1 - h/3)*-6. Calculate the remainder when 2 is divided by (4/l)/(3/15).
0
Suppose 0*r - 3*c + 34 = 2*r, -c = -2. Let x be -2 + 0 - (-2)/1. Suppose -y + 21 = l, x*l = 5*y + l - 125. What is the remainder when y is divided by r?
12
What is the remainder when 67 is divided by 2 - (-12 + 0 - 3)?
16
Let l = -51 + 31. Let s = 6 - l. Calculate the remainder when s is divided by 9.
8
Suppose 5*u = -2*f + 94, -4*u + 86 = -2*f - 0*f. Suppose -2*